{"id":22,"date":"2017-08-01T15:02:15","date_gmt":"2017-08-01T13:02:15","guid":{"rendered":"http:\/\/tiffanyjaquet.com\/?page_id=22"},"modified":"2018-11-19T01:19:16","modified_gmt":"2018-11-19T00:19:16","slug":"revue-de-presse","status":"publish","type":"page","link":"https:\/\/tiffanyjaquet.com\/?page_id=22","title":{"rendered":"L&rsquo;Enfant du placard"},"content":{"rendered":"<p><a href=\"https:\/\/bloglagenda.wordpress.com\/2017\/11\/21\/tiffany-jaquet-lire-apprendre-se-divertir\/\" target=\"_blank\" rel=\"noopener\"><span style=\"color: #b07900;\">\u00ab\u00a0P<em>our son premier roman, Tiffany Jaquet r\u00e9ussit \u00e0 nous divertir gr\u00e2ce au myst\u00e8re qu&rsquo;elle tisse autour de Claire, son personnage principal.<\/em>\u00a0\u00bb<\/span>, L&rsquo;Agenda, 21.11.2017.<\/a><\/p>\n<p><a href=\"https:\/\/www.lausannebondyblog.ch\/la-litterature-romande-ca-vous-inspire-lenfant-du-placard\/\" target=\"_blank\" rel=\"noopener\"><span style=\"color: #b07900;\">\u00ab L<em>&lsquo;histoire est tr\u00e8s belle, on y retrouve un c\u00f4t\u00e9 dramatique non n\u00e9gligeable, mais aussi de l&rsquo;humour, de l&rsquo;entraide, de l&rsquo;amiti\u00e9, du courage, des soucis&#8230;<\/em>\u00a0\u00bb<\/span>, Lausanne Bondy Blog, 19.10.2017.<\/a><\/p>\n<p><a href=\"https:\/\/www.babelio.com\/livres\/Jaquet-LEnfant-du-placard\/867094\" target=\"_blank\" rel=\"noopener\"><span style=\"color: #b0790c;\">\u00ab\u00a0L&rsquo;Enfant du placard<em>\u00a0est un roman captivant, semblable \u00e0 un puzzle dont les pi\u00e8ces s&#8217;embo\u00eetent au fur et \u00e0 mesure pour exploser en un final color\u00e9.<\/em>\u00a0\u00bb<\/span>, Babelio, critiques.<\/a><\/p>\n<p><a href=\"https:\/\/www.lesmotsdegwen.com\/chroniques\/litt%C3%A9rature-fran%C3%A7aise\/l-enfant-du-placard\/\" target=\"_blank\" rel=\"noopener\"><span style=\"color: #ac7900;\">\u00ab\u00a0<\/span><\/a><span style=\"color: #ac7900;\">L&rsquo;Enfant du placard<\/span><em><span style=\"color: #ac7900;\">\u00a0fut une excellente lecture, un roman qui dose habilement le suspense, l&rsquo;Histoire, l&rsquo;amour.\u00a0\u00bb<\/span><span style=\"color: #000000;\">, <\/span><\/em><span style=\"color: #000000;\">Les Mots de Gwen, 26.09.2017.<\/span><\/p>\n<p><a href=\"http:\/\/webliterra.ch\/litterature-generale\/ouvrages-commentes\/oc_l-enfant-du-placard-tiffany-jaquet\" target=\"_blank\" rel=\"noopener\"><span style=\"color: #b0790c;\">\u00ab U<em>n d\u00e9nouement beau et inattendu, tout pour faire un bon roman<\/em>\u00a0\u00bb<\/span>,\u00a0\u00a0Webliterra, 21.04.2017.<\/a><\/p>\n<p><a href=\"http:\/\/chezaxl.blogspot.ch\/2016\/10\/lenfant-du-placard.html\" target=\"_blank\" rel=\"noopener\"><span style=\"color: #b0790c;\">\u00ab\u00a0R<em>iche en \u00e9motion, ce roman m&rsquo;a fait trembler, vibrer, rire et pleurer.<\/em>\u00a0\u00bb<\/span>, Chez Axl, 13.11.2016.<\/a><\/p>\n<p><a href=\"http:\/\/fattorius.over-blog.com\/2016\/06\/regard-sur-les-aleas-d-une-certaine-immigration-avec-tiffany-jaquet.html\" target=\"_blank\" rel=\"noopener\"><span style=\"color: #b0790c;\">\u00ab\u00a0R<em>este que l&rsquo;auteure sait m\u00e9nager des moments d&rsquo;\u00e9motion, discr\u00e8tement: ceux-ci naissent par des larmes ou des rires, ou par la description de complicit\u00e9s<\/em>\u00a0\u00bb<\/span>,\u00a0Fattorius, 23.06.2016.<\/a><\/p>\n<p><a href=\"http:\/\/www.entre-vous-et-moi.ch\/lecture-4-lenfant-du-placard-de-tiffany-jaquet\/\" target=\"_blank\" rel=\"noopener\"><span style=\"color: #b0790c;\">\u00ab\u00a0L<em>\u2019auteure nous a propos\u00e9 un excellent premier roman, que je n\u2019ai pas pu poser avant de l\u2019avoir termin\u00e9.<\/em>\u00a0\u00bb<\/span>,\u00a0Entre vous et moi, 06.06.2016.<\/a><\/p>\n<p><a href=\"http:\/\/www.francisrichard.net\/2016\/05\/l-enfant-du-placard-de-tiffany-jaquet.html\" target=\"_blank\" rel=\"noopener\"><span style=\"color: #b0790c;\">\u00ab\u00a0T<em>outes les pi\u00e8ces du puzzle ne sont assembl\u00e9es qu&rsquo;\u00e0 la fin du livre, qui joint ainsi l&rsquo;utile \u00e0 l&rsquo;agr\u00e9able, puisqu&rsquo;il est \u00e0 la fois captivant et historique<\/em>\u00a0\u00bb<\/span>,\u00a0Francis Richard, 20.05.2016.<\/a><\/p>\n<p><a href=\"https:\/\/www.bouquiner.ch\/5628-lenfant-placard-de-tiffany-jaquet\" target=\"_blank\" rel=\"noopener\"><span style=\"color: #b0790c;\">\u00ab\u00a0U<em>n premier roman intense, une plume \u00e0 d\u00e9couvrir et une auteure \u00e0 suivre!<\/em>\u00a0\u00bb<\/span>,\u00a0Bouquiner, 15.05.2016.<\/a><\/p>\n<p>&nbsp;<\/p>\n<p><a href=\"https:\/\/tiffanyjaquet.com\/?page_id=57\">Voir les interviews<\/a><\/p>\n","protected":false},"excerpt":{"rendered":"<p>\u00ab\u00a0Pour son premier roman, Tiffany Jaquet r\u00e9ussit \u00e0 nous divertir gr\u00e2ce au myst\u00e8re qu&rsquo;elle tisse autour de Claire, son personnage principal.\u00a0\u00bb, L&rsquo;Agenda, 21.11.2017. \u00ab L&lsquo;histoire est tr\u00e8s belle, on y retrouve un c\u00f4t\u00e9 dramatique non n\u00e9gligeable, mais aussi de l&rsquo;humour, de l&rsquo;entraide, de l&rsquo;amiti\u00e9, du courage, des soucis&#8230;\u00a0\u00bb, Lausanne Bondy Blog, 19.10.2017. \u00ab\u00a0L&rsquo;Enfant du placard\u00a0est [&hellip;]<\/p>\n","protected":false},"author":1,"featured_media":0,"parent":0,"menu_order":0,"comment_status":"closed","ping_status":"closed","template":"","meta":{"footnotes":""},"_links":{"self":[{"href":"https:\/\/tiffanyjaquet.com\/index.php?rest_route=\/wp\/v2\/pages\/22"}],"collection":[{"href":"https:\/\/tiffanyjaquet.com\/index.php?rest_route=\/wp\/v2\/pages"}],"about":[{"href":"https:\/\/tiffanyjaquet.com\/index.php?rest_route=\/wp\/v2\/types\/page"}],"author":[{"embeddable":true,"href":"https:\/\/tiffanyjaquet.com\/index.php?rest_route=\/wp\/v2\/users\/1"}],"replies":[{"embeddable":true,"href":"https:\/\/tiffanyjaquet.com\/index.php?rest_route=%2Fwp%2Fv2%2Fcomments&post=22"}],"version-history":[{"count":17,"href":"https:\/\/tiffanyjaquet.com\/index.php?rest_route=\/wp\/v2\/pages\/22\/revisions"}],"predecessor-version":[{"id":186,"href":"https:\/\/tiffanyjaquet.com\/index.php?rest_route=\/wp\/v2\/pages\/22\/revisions\/186"}],"wp:attachment":[{"href":"https:\/\/tiffanyjaquet.com\/index.php?rest_route=%2Fwp%2Fv2%2Fmedia&parent=22"}],"curies":[{"name":"wp","href":"https:\/\/api.w.org\/{rel}","templated":true}]}}

<p><a href="https://bloglagenda.wordpress.com/2017/11/21/tiffany-jaquet-lire-apprendre-se-divertir/" target="_blank" rel="noopener"><span style="color: #b07900;">« P<em>our son premier roman, Tiffany Jaquet réussit à nous divertir grâce au mystère qu&rsquo;elle tisse autour de Claire, son personnage principal.</em> »</span>, L&rsquo;Agenda, 21.11.2017.</a></p>
<p><a href="https://www.lausannebondyblog.ch/la-litterature-romande-ca-vous-inspire-lenfant-du-placard/" target="_blank" rel="noopener"><span style="color: #b07900;">« L<em>&lsquo;histoire est très belle, on y retrouve un côté dramatique non négligeable, mais aussi de l&rsquo;humour, de l&rsquo;entraide, de l&rsquo;amitié, du courage, des soucis&#8230;</em> »</span>, Lausanne Bondy Blog, 19.10.2017.</a></p>
<p><a href="https://www.babelio.com/livres/Jaquet-LEnfant-du-placard/867094" target="_blank" rel="noopener"><span style="color: #b0790c;">« L&rsquo;Enfant du placard<em> est un roman captivant, semblable à un puzzle dont les pièces s&#8217;emboîtent au fur et à mesure pour exploser en un final coloré.</em> »</span>, Babelio, critiques.</a></p>
<p><a href="https://www.lesmotsdegwen.com/chroniques/litt%C3%A9rature-fran%C3%A7aise/l-enfant-du-placard/" target="_blank" rel="noopener"><span style="color: #ac7900;">« </span></a><span style="color: #ac7900;">L&rsquo;Enfant du placard</span><em><span style="color: #ac7900;"> fut une excellente lecture, un roman qui dose habilement le suspense, l&rsquo;Histoire, l&rsquo;amour. »</span><span style="color: #000000;">, </span></em><span style="color: #000000;">Les Mots de Gwen, 26.09.2017.</span></p>
<p><a href="http://webliterra.ch/litterature-generale/ouvrages-commentes/oc_l-enfant-du-placard-tiffany-jaquet" target="_blank" rel="noopener"><span style="color: #b0790c;">« U<em>n dénouement beau et inattendu, tout pour faire un bon roman</em> »</span>,  Webliterra, 21.04.2017.</a></p>
<p><a href="http://chezaxl.blogspot.ch/2016/10/lenfant-du-placard.html" target="_blank" rel="noopener"><span style="color: #b0790c;">« R<em>iche en émotion, ce roman m&rsquo;a fait trembler, vibrer, rire et pleurer.</em> »</span>, Chez Axl, 13.11.2016.</a></p>
<p><a href="http://fattorius.over-blog.com/2016/06/regard-sur-les-aleas-d-une-certaine-immigration-avec-tiffany-jaquet.html" target="_blank" rel="noopener"><span style="color: #b0790c;">« R<em>este que l&rsquo;auteure sait ménager des moments d&rsquo;émotion, discrètement: ceux-ci naissent par des larmes ou des rires, ou par la description de complicités</em> »</span>, Fattorius, 23.06.2016.</a></p>
<p><a href="http://www.entre-vous-et-moi.ch/lecture-4-lenfant-du-placard-de-tiffany-jaquet/" target="_blank" rel="noopener"><span style="color: #b0790c;">« L<em>’auteure nous a proposé un excellent premier roman, que je n’ai pas pu poser avant de l’avoir terminé.</em> »</span>, Entre vous et moi, 06.06.2016.</a></p>
<p><a href="http://www.francisrichard.net/2016/05/l-enfant-du-placard-de-tiffany-jaquet.html" target="_blank" rel="noopener"><span style="color: #b0790c;">« T<em>outes les pièces du puzzle ne sont assemblées qu&rsquo;à la fin du livre, qui joint ainsi l&rsquo;utile à l&rsquo;agréable, puisqu&rsquo;il est à la fois captivant et historique</em> »</span>, Francis Richard, 20.05.2016.</a></p>
<p><a href="https://www.bouquiner.ch/5628-lenfant-placard-de-tiffany-jaquet" target="_blank" rel="noopener"><span style="color: #b0790c;">« U<em>n premier roman intense, une plume à découvrir et une auteure à suivre!</em> »</span>, Bouquiner, 15.05.2016.</a></p>
<p>&nbsp;</p>
<p><a href="https://tiffanyjaquet.com/?page_id=57">Voir les interviews</a></p>

<p>« Pour son premier roman, Tiffany Jaquet réussit à nous divertir grâce au mystère qu&rsquo;elle tisse autour de Claire, son personnage principal. », L&rsquo;Agenda, 21.11.2017. « L&lsquo;histoire est très belle, on y retrouve un côté dramatique non négligeable, mais aussi de l&rsquo;humour, de l&rsquo;entraide, de l&rsquo;amitié, du courage, des soucis&#8230; », Lausanne Bondy Blog, 19.10.2017. « L&rsquo;Enfant du placard est [&hellip;]</p>
