{"id":197,"date":"2019-02-06T09:32:10","date_gmt":"2019-02-06T08:32:10","guid":{"rendered":"http:\/\/tiffanyjaquet.com\/?page_id=197"},"modified":"2022-07-15T20:37:55","modified_gmt":"2022-07-15T18:37:55","slug":"offre-de-services","status":"publish","type":"page","link":"https:\/\/tiffanyjaquet.com\/?page_id=197","title":{"rendered":"Offre de services"},"content":{"rendered":"<p>C&rsquo;est avec plaisir que je r\u00e9ponds aux demandes de particuliers et d&rsquo;entreprises priv\u00e9es ou publiques concernant :<\/p>\n<ul>\n<li>la <span style=\"color: #b0790c;\">r\u00e9daction de textes litt\u00e9raires<\/span> courts<\/li>\n<li>l&rsquo;animation ou la participation \u00e0 des <span style=\"color: #b0790c;\">lectures ou rencontres litt\u00e9raires<\/span><\/li>\n<li>l&rsquo;organisation ou l&rsquo;animation d&rsquo;<span style=\"color: #b0790c;\">ateliers d&rsquo;\u00e9criture<\/span> pour jeunes et adultes<\/li>\n<li>tout autre demande dans le <span style=\"color: #b0790c;\">monde du livre et de la litt\u00e9rature<\/span><\/li>\n<\/ul>\n<p>Pour soumettre votre demande, veuillez utiliser la <span style=\"color: #b0790c;\"><a href=\"https:\/\/tiffanyjaquet.com\/?page_id=33\">page de contact<\/a><\/span>.<\/p>\n<p><img loading=\"lazy\" decoding=\"async\" class=\"size-medium wp-image-200 aligncenter\" src=\"https:\/\/tiffanyjaquet.com\/wp-content\/uploads\/2019\/02\/IMG-20181222-WA0006-225x300.jpg\" alt=\"\" width=\"225\" height=\"300\" srcset=\"https:\/\/tiffanyjaquet.com\/wp-content\/uploads\/2019\/02\/IMG-20181222-WA0006-225x300.jpg 225w, https:\/\/tiffanyjaquet.com\/wp-content\/uploads\/2019\/02\/IMG-20181222-WA0006-768x1024.jpg 768w, https:\/\/tiffanyjaquet.com\/wp-content\/uploads\/2019\/02\/IMG-20181222-WA0006.jpg 1200w\" sizes=\"(max-width: 225px) 100vw, 225px\" \/><\/p>\n","protected":false},"excerpt":{"rendered":"<p>C&rsquo;est avec plaisir que je r\u00e9ponds aux demandes de particuliers et d&rsquo;entreprises priv\u00e9es ou publiques concernant : la r\u00e9daction de textes litt\u00e9raires courts l&rsquo;animation ou la participation \u00e0 des lectures ou rencontres litt\u00e9raires l&rsquo;organisation ou l&rsquo;animation d&rsquo;ateliers d&rsquo;\u00e9criture pour jeunes et adultes tout autre demande dans le monde du livre et de la litt\u00e9rature Pour [&hellip;]<\/p>\n","protected":false},"author":2,"featured_media":0,"parent":0,"menu_order":0,"comment_status":"closed","ping_status":"closed","template":"","meta":{"footnotes":""},"_links":{"self":[{"href":"https:\/\/tiffanyjaquet.com\/index.php?rest_route=\/wp\/v2\/pages\/197"}],"collection":[{"href":"https:\/\/tiffanyjaquet.com\/index.php?rest_route=\/wp\/v2\/pages"}],"about":[{"href":"https:\/\/tiffanyjaquet.com\/index.php?rest_route=\/wp\/v2\/types\/page"}],"author":[{"embeddable":true,"href":"https:\/\/tiffanyjaquet.com\/index.php?rest_route=\/wp\/v2\/users\/2"}],"replies":[{"embeddable":true,"href":"https:\/\/tiffanyjaquet.com\/index.php?rest_route=%2Fwp%2Fv2%2Fcomments&post=197"}],"version-history":[{"count":6,"href":"https:\/\/tiffanyjaquet.com\/index.php?rest_route=\/wp\/v2\/pages\/197\/revisions"}],"predecessor-version":[{"id":204,"href":"https:\/\/tiffanyjaquet.com\/index.php?rest_route=\/wp\/v2\/pages\/197\/revisions\/204"}],"wp:attachment":[{"href":"https:\/\/tiffanyjaquet.com\/index.php?rest_route=%2Fwp%2Fv2%2Fmedia&parent=197"}],"curies":[{"name":"wp","href":"https:\/\/api.w.org\/{rel}","templated":true}]}}