{"id":167,"date":"2018-10-03T03:28:29","date_gmt":"2018-10-03T01:28:29","guid":{"rendered":"http:\/\/tiffanyjaquet.com\/?page_id=167"},"modified":"2018-11-19T01:20:03","modified_gmt":"2018-11-19T00:20:03","slug":"derniere-rentree","status":"publish","type":"page","link":"https:\/\/tiffanyjaquet.com\/?page_id=167","title":{"rendered":"Derni\u00e8re rentr\u00e9e"},"content":{"rendered":"<p><a href=\"https:\/\/fattorius.blogspot.com\/2018\/09\/rentree-litteraire-ou-rentree-scolaire.html\" target=\"_blank\" rel=\"noopener\"><span style=\"color: #b0790c;\">\u00a0\u00bb\u00a0L<em>e deuxi\u00e8me roman de l&rsquo;\u00e9crivaine suisse Tiffany Jaquet est un ouvrage polyphonique solidement structur\u00e9 et profond\u00e9ment humain qui plonge dans les classes difficiles de l&rsquo;enseignement secondaire<\/em>\u00ab\u00a0<\/span> Fattorius Blog, 25.09.2018.<\/a><\/p>\n<p><span style=\"color: #b0790c;\">\u00a0\u00bb L<em>&lsquo;histoire est extr\u00eamement bien amen\u00e9e.\u00a0\u00c7a commence par un coup de feu, puis l&rsquo;auteure se met dans la peau de chaque protagoniste<\/em>.\u00a0\u00bb<\/span> Le Courrier, 20.09.2018.<\/p>\n<p><a href=\"https:\/\/www.vd.ch\/lettre_information\/gazette\/288\/\" target=\"_blank\" rel=\"noopener\"><span style=\"color: #b0790c;\">\u00a0\u00bb\u00a0T<em>iffany Jaquet transporte avec efficacit\u00e9 et d\u00e9licatesse son lecteur sur les bancs de l&rsquo;\u00e9cole et derri\u00e8re le pupitre, en nous mettant dans la peau de chacun de ses personnages.<\/em>\u00ab\u00a0<\/span> La Gazette de l&rsquo;Etat de Vaud, 11.09.2018.<\/a><\/p>\n<p><a href=\"http:\/\/www.francisrichard.net\/2018\/09\/derniere-rentree-de-tiffany-jaquet.html\" target=\"_blank\" rel=\"noopener\"><span style=\"color: #b0790c;\">\u00a0\u00bb Q<em>ui a press\u00e9 la d\u00e9tente? Sur qui le coup de feu a-t-il \u00e9t\u00e9 tir\u00e9? Pour le savoir, le lecteur est d&rsquo;abord invit\u00e9 \u00e0 remonter le temps: tout commence en effet avec la\u00a0Derni\u00e8re rentr\u00e9e<strong>\u00a0<\/strong>du professeur Andr\u00e9 Clottu<\/em>\u00ab\u00a0<\/span> Le blog de Francis Richard, 02.09.2018.<\/a><\/p>\n<p><span style=\"color: #b0790c;\">\u00a0\u00bb D<em>erni\u00e8re rentr\u00e9e dresse en effet le portrait d&rsquo;adolescents en fin de scolarit\u00e9. A chacun son histoire, ses tourments<\/em>\u00ab\u00a0<\/span> Journal de Morges, 30.09.2018.<\/p>\n<p><a href=\"https:\/\/www.bouquiner.ch\/8093-derniere-rentree-de-tiffany-jaquet\" target=\"_blank\" rel=\"noopener\"><span style=\"color: #b0790c;\">\u00ab\u00a0J<em>\u2019ai ador\u00e9 la lecture de ce roman avec des personnages touchants. Des \u00eatres si fragiles que l\u2019on a envie de les prendre dans nos bras pour leur dire que \u00ab\u00a0tout ira mieux\u00a0\u00bb\u2026<\/em>\u00ab\u00a0<\/span> Bouquiner Blog, 29.08.2018.<\/a><\/p>\n<p>&nbsp;<\/p>\n<p><a href=\"https:\/\/tiffanyjaquet.com\/?page_id=57\">Voir les interviews<\/a><\/p>\n","protected":false},"excerpt":{"rendered":"<p>\u00a0\u00bb\u00a0Le deuxi\u00e8me roman de l&rsquo;\u00e9crivaine suisse Tiffany Jaquet est un ouvrage polyphonique solidement structur\u00e9 et profond\u00e9ment humain qui plonge dans les classes difficiles de l&rsquo;enseignement secondaire\u00ab\u00a0 Fattorius Blog, 25.09.2018. \u00a0\u00bb L&lsquo;histoire est extr\u00eamement bien amen\u00e9e.\u00a0\u00c7a commence par un coup de feu, puis l&rsquo;auteure se met dans la peau de chaque protagoniste.\u00a0\u00bb Le Courrier, 20.09.2018. \u00a0\u00bb\u00a0Tiffany [&hellip;]<\/p>\n","protected":false},"author":2,"featured_media":0,"parent":0,"menu_order":0,"comment_status":"closed","ping_status":"closed","template":"","meta":{"footnotes":""},"_links":{"self":[{"href":"https:\/\/tiffanyjaquet.com\/index.php?rest_route=\/wp\/v2\/pages\/167"}],"collection":[{"href":"https:\/\/tiffanyjaquet.com\/index.php?rest_route=\/wp\/v2\/pages"}],"about":[{"href":"https:\/\/tiffanyjaquet.com\/index.php?rest_route=\/wp\/v2\/types\/page"}],"author":[{"embeddable":true,"href":"https:\/\/tiffanyjaquet.com\/index.php?rest_route=\/wp\/v2\/users\/2"}],"replies":[{"embeddable":true,"href":"https:\/\/tiffanyjaquet.com\/index.php?rest_route=%2Fwp%2Fv2%2Fcomments&post=167"}],"version-history":[{"count":3,"href":"https:\/\/tiffanyjaquet.com\/index.php?rest_route=\/wp\/v2\/pages\/167\/revisions"}],"predecessor-version":[{"id":187,"href":"https:\/\/tiffanyjaquet.com\/index.php?rest_route=\/wp\/v2\/pages\/167\/revisions\/187"}],"wp:attachment":[{"href":"https:\/\/tiffanyjaquet.com\/index.php?rest_route=%2Fwp%2Fv2%2Fmedia&parent=167"}],"curies":[{"name":"wp","href":"https:\/\/api.w.org\/{rel}","templated":true}]}}

Dernière rentrée

<p><a href="https://fattorius.blogspot.com/2018/09/rentree-litteraire-ou-rentree-scolaire.html" target="_blank" rel="noopener"><span style="color: #b0790c;"> » L<em>e deuxième roman de l&rsquo;écrivaine suisse Tiffany Jaquet est un ouvrage polyphonique solidement structuré et profondément humain qui plonge dans les classes difficiles de l&rsquo;enseignement secondaire</em>« </span> Fattorius Blog, 25.09.2018.</a></p>
<p><span style="color: #b0790c;"> » L<em>&lsquo;histoire est extrêmement bien amenée. Ça commence par un coup de feu, puis l&rsquo;auteure se met dans la peau de chaque protagoniste</em>. »</span> Le Courrier, 20.09.2018.</p>
<p><a href="https://www.vd.ch/lettre_information/gazette/288/" target="_blank" rel="noopener"><span style="color: #b0790c;"> » T<em>iffany Jaquet transporte avec efficacité et délicatesse son lecteur sur les bancs de l&rsquo;école et derrière le pupitre, en nous mettant dans la peau de chacun de ses personnages.</em>« </span> La Gazette de l&rsquo;Etat de Vaud, 11.09.2018.</a></p>
<p><a href="http://www.francisrichard.net/2018/09/derniere-rentree-de-tiffany-jaquet.html" target="_blank" rel="noopener"><span style="color: #b0790c;"> » Q<em>ui a pressé la détente? Sur qui le coup de feu a-t-il été tiré? Pour le savoir, le lecteur est d&rsquo;abord invité à remonter le temps: tout commence en effet avec la Dernière rentrée<strong> </strong>du professeur André Clottu</em>« </span> Le blog de Francis Richard, 02.09.2018.</a></p>
<p><span style="color: #b0790c;"> » D<em>ernière rentrée dresse en effet le portrait d&rsquo;adolescents en fin de scolarité. A chacun son histoire, ses tourments</em>« </span> Journal de Morges, 30.09.2018.</p>
<p><a href="https://www.bouquiner.ch/8093-derniere-rentree-de-tiffany-jaquet" target="_blank" rel="noopener"><span style="color: #b0790c;">« J<em>’ai adoré la lecture de ce roman avec des personnages touchants. Des êtres si fragiles que l’on a envie de les prendre dans nos bras pour leur dire que « tout ira mieux »…</em>« </span> Bouquiner Blog, 29.08.2018.</a></p>
<p>&nbsp;</p>
<p><a href="https://tiffanyjaquet.com/?page_id=57">Voir les interviews</a></p>

<p> » Le deuxième roman de l&rsquo;écrivaine suisse Tiffany Jaquet est un ouvrage polyphonique solidement structuré et profondément humain qui plonge dans les classes difficiles de l&rsquo;enseignement secondaire«  Fattorius Blog, 25.09.2018.  » L&lsquo;histoire est extrêmement bien amenée. Ça commence par un coup de feu, puis l&rsquo;auteure se met dans la peau de chaque protagoniste. » Le Courrier, 20.09.2018.  » Tiffany [&hellip;]</p>
